 s(2). Let n = z - 2. Suppose 3*r + 2 = -n. What is i(r)?
0
Let f be 8 + 468/(-45) + 6/(-10). Let w(m) = -m**3 - 4*m**2 - 2*m - 3. Determine w(f).
-6
Let i(h) = h**2 + 5*h. Let y(z) = -3*z + 14. Let t be y(3). Let k be (-7)/1 + (t - (-2 + 5)). Determine i(k).
0
Let m = -28 + 24. Let b(v) be the first derivative of 2*v**3/3 + 3*v**2 + 2*v - 9. Give b(m).
10
Suppose 2*u + 30 = -3*u. Let g(s) be the second derivative of -s**4/12 - 4*s**3/3 - 4*s**2 - 2*s - 51. What is g(u)?
4
Suppose 8*n = 12*n - 20. Suppose -2*o + 25 = -n*j, 0*j + 2*o = 3*j + 19. Let g(k) = 3*k + 3. Determine g(j).
-6
Let p(q) = -2*q**2 - 4*q. Suppose -y = 3*h - 9, -2*h - 3*y + 6 = -6*y. Determine p(h).
-30
Suppose -28 = 108*o - 136*o. Let y(x) = -13*x**2 + x - 1. Give y(o).
-13
Let f(x) = 2 - 1 - 197*x**3 + 6*x**2 + 393*x**3 - 197*x**3 + 16*x. Calculate f(8).
1
Let u(k) = k**2. Let n = -2 - -3. Suppose -5*m - n = -11. Calculate u(m).
4
Suppose -2*t - 3 = -11. Let d(r) = -9*r**2 - 2 + 7 + 13*r**2 - 39*r + 41*r - r**3. Calculate d(t).
13
Suppose 6*d - 5*j = -70, -6*d = -11*d - j - 79. Let b(k) = 3*k + 52. Give b(d).
7
Let q = -1081 - -1089. Let k(s) = -s**2 + 5*s + 7. Determine k(q).
-17
Let s(k) be the third derivative of k**6/120 - k**5/60 - k**4/24 + k**3/3 + 437*k**2. Suppose -3*q - 3*a - 21 = 2*a, -2*q - 7 = a. What is s(q)?
-8
Let r = -77 - -79. Let x = -2 - -4. Let j(p) = 3*p**2 - 1 + 0*p + r + 6*p**x + 2*p. What is j(-1)?
8
Suppose 0 = 4*q - 3*z + 8, -4*z = -3*q + q + 6. Let n(s) be the second derivative of -7*s + 0 - 1/12*s**4 - 1/2*s**2 - 2/3*s**3. Determine n(q).
-6
Let a be (30/7)/((-2)/28). Let m = -56 - a. Let b(y) = -y**2 - 5*y - 6. Let f(q) = -q**2 - 10*q - 11. Let l(o) = -5*b(o) + 3*f(o). What is l(m)?
9
Suppose j + 2*j + 2*c - 20 = 0, 4 = 5*j - 4*c. Suppose 0 = -6*u + j*u. Let z(h) = 2*h - h - 6 + u*h. Give z(0).
-6
Let i(t) = -6*t - 3. Let h(m) = 6*m - 50. Let j be h(9). Let p(w) = 17*w + 10. Let a(o) = j*p(o) + 11*i(o). What is a(-5)?
-3
Suppose 5*x - 24 = 3*z, -3 = x - 0*x + 2*z. Suppose -2*r + 2*k - 37 = -7*r, -23 = -x*r - 2*k. Let o(v) = -v**3 + 8*v**2 - 6*v - 3. Give o(r).
4
Suppose 6*j = -j + 42. Let v(t) = -8 + 5*t**2 - 6*t - 4*t**2 + 4*t. Determine v(j).
16
Let u be (-1)/(-4) + (-300)/(-16). Let j = u + -16. Let m(x) = 4*x - 4. Calculate m(j).
8
Let d(a) be the first derivative of -a**4/4 - 3*a**3 - 11*a**2/2 - 19*a + 40. Give d(-8).
5
Suppose 4*q - 17 = 3. Let f(m) = -m - 4 + 4*m - 4*m - q. Give f(-8).
-1
Let p(j) = 5*j**2 + j - 1. Let s(d) = d + 16. Let f be s(-13). Suppose 2*a = -a + f. What is p(a)?
5
Suppose 0*o - l = -2*o, 10 = -4*o - 3*l. Let s be 3 - o/(-2)*-4. Let c(z) = 0*z + 2*z - 9 + 7 + s. What is c(-3)?
-3
Let w(q) = q. Let l = -1164 + 1161. Determine w(l).
-3
Suppose s - 3 - 1 = 0. Let g(i) = 19*i - 10*i - 9*i + i. Give g(s).
4
Let a(y) = 228*y - 2 + 224*y - 670*y + 228*y + 7 + y**2. Let b be (12/1)/(6/(-4)). Determine a(b).
-11
Let g(t) = -5*t + 12 + 6*t - 5*t**2 + 6*t**2. Let k be 0*(-3 - (-7)/2). Let l be (0 + 3/(-6))*k. Determine g(l).
12
Let u(v) = -13*v - 27. Let z(h) = -4*h - 8. Let x(t) = -2*u(t) + 7*z(t). Calculate x(1).
-4
Let p = 7 - 8. Let r = p - -8. Let c(x) = -x**2 + 6*x + 3 + r - 7. Determine c(6).
3
Let h be 1/((-154)/(-28) + -5). Let c(x) = -3*x + 4 + 2*x**2 + 6*x - 5. Give c(h).
13
Suppose 33*q = 321 + 141. Let o(u) = 2*u - 29. Give o(q).
-1
Let s(k) be the first derivative of 4/3*k**3 + 1/2*k**2 + 0*k + 9 + 1/4*k**4. Let z be (-6)/(4/2) + 0. Give s(z).
6
Let n(h) = -h**2 + 7*h - 8. Suppose -11*w - 38*w = -294. Give n(w).
-2
Let s(i) = i + 1. Let u(f) = -f**3 + 6*f**2 - f + 4. Suppose 0*p + 2*p = -4*h + 28, 5*h + p - 32 = 0. Let q be u(h). Let v be 4/8*q/1. Determine s(v).
0
Suppose -8*c + 7*c = 6. Let l(j) = -j**3 - 6*j**2 + 2*j - 1. Determine l(c).
-13
Let n = -110 + 109. Let h(z) = 37*z + 1. What is h(n)?
-36
Let f(k) = -2*k**2 + 7*k**2 - 2*k**2 + 0*k**2 - 7*k + 14 - k**3 + 4*k**2. Determine f(6).
8
Let j(n) be the second derivative of n**7/840 - n**6/40 - n**5/12 + n**4/4 + 17*n**3/6 + 6*n. Let b(z) be the second derivative of j(z). Give b(10).
6
Let l(s) = -12*s - 53. Let b be l(-4). Let u(q) = 4*q**2 + q - 3*q**2 + 5 + q**3 + 4*q**2. What is u(b)?
0
Let a(z) be the first derivative of -z**5/20 - 7*z**4/12 - 5*z**3/6 + z**2/2 - 2*z - 10. Let m(n) be the first derivative of a(n). Give m(-6).
-5
Let k(w) be the second derivative of 0 - 1/2*w**3 - 1/2*w**4 - 1/20*w**5 + 1/2*w**2 - 12*w. What is k(-5)?
-9
Let x(d) = d**2 - 4*d - 5. Let k be 16/6*(-12)/(-8). Suppose 0 = -s + k. Give x(s).
-5
Let x(v) = -6*v - v**3 - 13 - 9*v + 17*v + 10*v**2. Determine x(10).
7
Let b(f) = 0 + 22*f**2 - 2 - 21*f**2 + 7*f + 0. Give b(0).
-2
Let z(y) = 3*y. Suppose 0 = -4*n + 52 - 0. Let g = -18 + n. Let b be g/(-25) - (-11)/(-5). Calculate z(b).
-6
Let c(m) = -6*m + 2. Let l(s) = 5*s - 4. Let y(q) = c(q) + l(q). Give y(3).
-5
Let k(m) = -5*m - 8. Let g = 65 - 70. Calculate k(g).
17
Let j(v) = -1. Let r(y) = -2. Let l(q) = -5*j(q) + 3*r(q). Let w(u) = -u + 3. Let n(a) = 4*l(a) + w(a). Give n(5).
-6
Let r(b) = -b**2 - 4*b - 9. Suppose -16*u + 131*u = -230. What is r(u)?
-5
Let s(d) = -d + 19. Let w = 124 - 124. Suppose w = 2*j - j - 7*j. Calculate s(j).
19
Let q(s) be the first derivative of -s**4/4 - s**2 - 29*s + 11. Let p(n) be the first derivative of q(n). Give p(-2).
-14
Let d(p) = p**2 - 7*p + 7. Suppose -39*l + 12*l = -162. Give d(l).
1
Let x(s) = -63*s + 122*s - s**2 + s**3 - 58*s. Suppose 0 = -3*f + 3 - 0. What is x(f)?
1
Let r = -58 + 60. Let x(a) = 0*a**r + a**2 + 1 - 6 + 6. Calculate x(3).
10
Suppose -6*s - 7 = -7*s. Let t(j) be the first derivative of j**3/3 - 2*j**2 - 1213. Determine t(s).
21
Let x = 48 + -60. Let z(m) = -m**2 - 12*m + 5. Give z(x).
5
Let j(v) = 4995*v**2 - 10013*v**2 - 3*v + 2 + 4983*v**2. What is j(1)?
-36
Suppose k - 3*f = 4, 28*f = -2*k + 25*f + 17. Let w(c) = -3*c + 12. Calculate w(k).
-9
Let m(n) = -5*n - 108. Let p be m(-22). Let l(w) = -7*w + 1. Calculate l(p).
-13
Let f(b) = b**3 + 5*b**2 + 4*b + 2. Let k = 40 - 33. Suppose -k*r - 3 = 25. Determine f(r).
2
Let k(o) = o**3 + 10*o**2 + 8*o - 4. Let y(d) = -2*d**2 + 4*d + 7. Let v be y(-2). Give k(v).
5
Let d = 5 + -7. Let t(v) be the second derivative of -1/3*v**3 + 0 - 1/2*v**2 - 6*v. What is t(d)?
3
Suppose -3*h = -4*k - 39, -3*k - h + 6*h = 32. Let r be (15/k)/(2/(-6)). Let u(p) = -3 - r + 1 + p + 3. What is u(2)?
-2
Let q(t) = t**2 + 144*t + 149*t + 3 + 3 - 303*t. Give q(11).
17
Let w(i) = -i**3 + 8*i**2 + 4*i - 2. Let a(n) = n**3 - 7*n**2 - 3*n + 1. Let u(q) = -4*a(q) - 3*w(q). Give u(4).
2
Let h = -65 + 102. Let z(i) = i**2 - 75 - 2*i**2 + 37 + h - 3*i. Calculate z(-5).
-11
Let r(p) = -15*p**2 + 0*p + 11*p + p**3 + 7 + 4*p - 2*p. Calculate r(14).
-7
Let x(h) = h**3 - 6*h**2 + 4*h + 2. Suppose -4*o - r - 4*r = -25, -2*o + 29 = -3*r. Suppose -14*y = -12*y - o. Calculate x(y).
-3
Let z be 8 - (3 + 0/4). Let l(y) = -z - 2 + 5*y - 6*y. Calculate l(-6).
-1
Let f(j) = 22*j**3 - 23*j**2 - 6*j - 20. Let q(g) = 7*g**3 - 8*g**2 - 2*g - 7. Let y(m) = 6*f(m) - 17*q(m). Give y(-1).
-14
Let d(c) be the third derivative of -c**3 + 1/60*c**5 - 5/24*c**4 - c**2 + 0 + 0*c. Let f(j) be the first derivative of d(j). What is f(6)?
7
Let c = -1982 + 1991. Let k(y) = 2*y - 24. Determine k(c).
-6
Let k be -4 - 1 - -3 - -30. Let o(x) = x - 13 + k + x - 9. Calculate o(-5).
-4
Let f be (-12)/(-3) + (-37 - -3). Let a = 31 + f. Let m(n) = -n**2 + 8*n - 3 - a - 3*n + 5. Calculate m(4).
5
Let d(k) = -8*k + 3 + 2 + 7*k. Let u be 29/3 - (-8)/24. Let w(t) = -t**3 + 9*t**2 + 9*t + 14. Let a be w(u). Determine d(a).
1
Let g(x) = -4*x - 43. Suppose -f + 4*q - 27 = 0, 3*q + 0*q - 67 = 5*f. Give g(f).
1
Let f(a) = -8*a + 27. Let c be f(3). Let b(i) = -i**3 + 3*i**2 + i - 1. Calculate b(c).
2
Suppose 2*s - 56 = -66. Let c(x) = x**3 + 7*x**2 + 11*x - 1. Give c(s).
-6
Let u(j) = -j**2 + 6*j - 1. Suppose -6 = 3*z + 9, 0 = 5*w + 2*z. Suppose 0 = w*i - 4*n - 30, -4*i + 3*n = -9*i + 10. Calculate u(i).
4
Let q(a) be the second derivative of a**4/12 + 4*a**3/3 + 5*a**2/2 - 5*a + 1. Let l be (2/(-2))/(1/7). What is q(l)?
-2
Let a(o) = -o**3 - 4*o**2 + o. Let f = 32 - 27. Suppose f*w = z - 23, 2*z + 2*z = -3*w. Let j be a(w). Let c(v) = v**3 + 3*v**2 - v + 5. Determine c(j).
-7
Let b(v) = 10